{"id":62,"date":"2024-10-15T08:46:54","date_gmt":"2024-10-15T08:46:54","guid":{"rendered":"https:\/\/tdtfparis.fr\/?page_id=62"},"modified":"2025-09-20T10:39:21","modified_gmt":"2025-09-20T10:39:21","slug":"evenements","status":"publish","type":"page","link":"https:\/\/tdtfparis.fr\/?page_id=62","title":{"rendered":"\u00c9V\u00c8NEMENTS"},"content":{"rendered":"","protected":false},"excerpt":{"rendered":"","protected":false},"author":1,"featured_media":0,"parent":0,"menu_order":0,"comment_status":"closed","ping_status":"closed","template":"template-events.php","meta":{"_acf_changed":false,"footnotes":""},"class_list":["post-62","page","type-page","status-publish","hentry","post"],"acf":[],"yoast_head":"<!-- This site is optimized with the Yoast SEO plugin v24.7 - https:\/\/yoast.com\/wordpress\/plugins\/seo\/ -->\n<title>\u00c9V\u00c8NEMENTS<\/title>\n<meta name=\"description\" content=\"Agenda : concerts, DJ sets, expos au TDTF (Paris 19). Entr\u00e9e libre et gratuite.\" \/>\n<meta name=\"robots\" content=\"index, follow, max-snippet:-1, max-image-preview:large, max-video-preview:-1\" \/>\n<link rel=\"canonical\" href=\"https:\/\/tdtfparis.fr\/?page_id=62\" \/>\n<meta property=\"og:locale\" content=\"fr_FR\" \/>\n<meta property=\"og:type\" content=\"article\" \/>\n<meta property=\"og:title\" content=\"\u00c9V\u00c8NEMENTS\" \/>\n<meta property=\"og:description\" content=\"Agenda : concerts, DJ sets, expos au TDTF (Paris 19). Entr\u00e9e libre et gratuite.\" \/>\n<meta property=\"og:url\" content=\"https:\/\/tdtfparis.fr\/?page_id=62\" \/>\n<meta property=\"og:site_name\" content=\"TDTF\" \/>\n<meta property=\"article:publisher\" content=\"https:\/\/www.facebook.com\/profile.php?id=61551236751001\" \/>\n<meta property=\"article:modified_time\" content=\"2025-09-20T10:39:21+00:00\" \/>\n<meta name=\"twitter:card\" content=\"summary_large_image\" \/>\n<script type=\"application\/ld+json\" class=\"yoast-schema-graph\">{\"@context\":\"https:\/\/schema.org\",\"@graph\":[{\"@type\":\"WebPage\",\"@id\":\"https:\/\/tdtfparis.fr\/?page_id=62\",\"url\":\"https:\/\/tdtfparis.fr\/?page_id=62\",\"name\":\"\u00c9V\u00c8NEMENTS\",\"isPartOf\":{\"@id\":\"https:\/\/tdtfparis.fr\/#website\"},\"datePublished\":\"2024-10-15T08:46:54+00:00\",\"dateModified\":\"2025-09-20T10:39:21+00:00\",\"description\":\"Agenda : concerts, DJ sets, expos au TDTF (Paris 19). Entr\u00e9e libre et gratuite.\",\"breadcrumb\":{\"@id\":\"https:\/\/tdtfparis.fr\/?page_id=62#breadcrumb\"},\"inLanguage\":\"fr-FR\",\"potentialAction\":[{\"@type\":\"ReadAction\",\"target\":[\"https:\/\/tdtfparis.fr\/?page_id=62\"]}]},{\"@type\":\"BreadcrumbList\",\"@id\":\"https:\/\/tdtfparis.fr\/?page_id=62#breadcrumb\",\"itemListElement\":[{\"@type\":\"ListItem\",\"position\":1,\"name\":\"Accueil\",\"item\":\"https:\/\/tdtfparis.fr\/\"},{\"@type\":\"ListItem\",\"position\":2,\"name\":\"\u00c9V\u00c8NEMENTS\"}]},{\"@type\":\"WebSite\",\"@id\":\"https:\/\/tdtfparis.fr\/#website\",\"url\":\"https:\/\/tdtfparis.fr\/\",\"name\":\"TDTF\",\"description\":\"TDTF TON BAR \u00c0 PARIS 19\",\"publisher\":{\"@id\":\"https:\/\/tdtfparis.fr\/#organization\"},\"potentialAction\":[{\"@type\":\"SearchAction\",\"target\":{\"@type\":\"EntryPoint\",\"urlTemplate\":\"https:\/\/tdtfparis.fr\/?s={search_term_string}\"},\"query-input\":{\"@type\":\"PropertyValueSpecification\",\"valueRequired\":true,\"valueName\":\"search_term_string\"}}],\"inLanguage\":\"fr-FR\"},{\"@type\":\"Organization\",\"@id\":\"https:\/\/tdtfparis.fr\/#organization\",\"name\":\"TDTF PARIS\",\"url\":\"https:\/\/tdtfparis.fr\/\",\"logo\":{\"@type\":\"ImageObject\",\"inLanguage\":\"fr-FR\",\"@id\":\"https:\/\/tdtfparis.fr\/#\/schema\/logo\/image\/\",\"url\":\"https:\/\/tdtfparis.fr\/wp-content\/uploads\/2024\/10\/cropped-TDTF-Noir-150x150-1.webp\",\"contentUrl\":\"https:\/\/tdtfparis.fr\/wp-content\/uploads\/2024\/10\/cropped-TDTF-Noir-150x150-1.webp\",\"width\":150,\"height\":150,\"caption\":\"TDTF PARIS\"},\"image\":{\"@id\":\"https:\/\/tdtfparis.fr\/#\/schema\/logo\/image\/\"},\"sameAs\":[\"https:\/\/www.facebook.com\/profile.php?id=61551236751001\",\"https:\/\/share.google\/FW6pQUPpUq354rtsG\",\"https:\/\/www.instagram.com\/tdtfparis\/\"]}]}<\/script>\n<!-- \/ Yoast SEO plugin. -->","yoast_head_json":{"title":"\u00c9V\u00c8NEMENTS","description":"Agenda : concerts, DJ sets, expos au TDTF (Paris 19). Entr\u00e9e libre et gratuite.","robots":{"index":"index","follow":"follow","max-snippet":"max-snippet:-1","max-image-preview":"max-image-preview:large","max-video-preview":"max-video-preview:-1"},"canonical":"https:\/\/tdtfparis.fr\/?page_id=62","og_locale":"fr_FR","og_type":"article","og_title":"\u00c9V\u00c8NEMENTS","og_description":"Agenda : concerts, DJ sets, expos au TDTF (Paris 19). Entr\u00e9e libre et gratuite.","og_url":"https:\/\/tdtfparis.fr\/?page_id=62","og_site_name":"TDTF","article_publisher":"https:\/\/www.facebook.com\/profile.php?id=61551236751001","article_modified_time":"2025-09-20T10:39:21+00:00","twitter_card":"summary_large_image","schema":{"@context":"https:\/\/schema.org","@graph":[{"@type":"WebPage","@id":"https:\/\/tdtfparis.fr\/?page_id=62","url":"https:\/\/tdtfparis.fr\/?page_id=62","name":"\u00c9V\u00c8NEMENTS","isPartOf":{"@id":"https:\/\/tdtfparis.fr\/#website"},"datePublished":"2024-10-15T08:46:54+00:00","dateModified":"2025-09-20T10:39:21+00:00","description":"Agenda : concerts, DJ sets, expos au TDTF (Paris 19). Entr\u00e9e libre et gratuite.","breadcrumb":{"@id":"https:\/\/tdtfparis.fr\/?page_id=62#breadcrumb"},"inLanguage":"fr-FR","potentialAction":[{"@type":"ReadAction","target":["https:\/\/tdtfparis.fr\/?page_id=62"]}]},{"@type":"BreadcrumbList","@id":"https:\/\/tdtfparis.fr\/?page_id=62#breadcrumb","itemListElement":[{"@type":"ListItem","position":1,"name":"Accueil","item":"https:\/\/tdtfparis.fr\/"},{"@type":"ListItem","position":2,"name":"\u00c9V\u00c8NEMENTS"}]},{"@type":"WebSite","@id":"https:\/\/tdtfparis.fr\/#website","url":"https:\/\/tdtfparis.fr\/","name":"TDTF","description":"TDTF TON BAR \u00c0 PARIS 19","publisher":{"@id":"https:\/\/tdtfparis.fr\/#organization"},"potentialAction":[{"@type":"SearchAction","target":{"@type":"EntryPoint","urlTemplate":"https:\/\/tdtfparis.fr\/?s={search_term_string}"},"query-input":{"@type":"PropertyValueSpecification","valueRequired":true,"valueName":"search_term_string"}}],"inLanguage":"fr-FR"},{"@type":"Organization","@id":"https:\/\/tdtfparis.fr\/#organization","name":"TDTF PARIS","url":"https:\/\/tdtfparis.fr\/","logo":{"@type":"ImageObject","inLanguage":"fr-FR","@id":"https:\/\/tdtfparis.fr\/#\/schema\/logo\/image\/","url":"https:\/\/tdtfparis.fr\/wp-content\/uploads\/2024\/10\/cropped-TDTF-Noir-150x150-1.webp","contentUrl":"https:\/\/tdtfparis.fr\/wp-content\/uploads\/2024\/10\/cropped-TDTF-Noir-150x150-1.webp","width":150,"height":150,"caption":"TDTF PARIS"},"image":{"@id":"https:\/\/tdtfparis.fr\/#\/schema\/logo\/image\/"},"sameAs":["https:\/\/www.facebook.com\/profile.php?id=61551236751001","https:\/\/share.google\/FW6pQUPpUq354rtsG","https:\/\/www.instagram.com\/tdtfparis\/"]}]}},"_links":{"self":[{"href":"https:\/\/tdtfparis.fr\/index.php?rest_route=\/wp\/v2\/pages\/62","targetHints":{"allow":["GET"]}}],"collection":[{"href":"https:\/\/tdtfparis.fr\/index.php?rest_route=\/wp\/v2\/pages"}],"about":[{"href":"https:\/\/tdtfparis.fr\/index.php?rest_route=\/wp\/v2\/types\/page"}],"author":[{"embeddable":true,"href":"https:\/\/tdtfparis.fr\/index.php?rest_route=\/wp\/v2\/users\/1"}],"replies":[{"embeddable":true,"href":"https:\/\/tdtfparis.fr\/index.php?rest_route=%2Fwp%2Fv2%2Fcomments&post=62"}],"version-history":[{"count":1,"href":"https:\/\/tdtfparis.fr\/index.php?rest_route=\/wp\/v2\/pages\/62\/revisions"}],"predecessor-version":[{"id":64,"href":"https:\/\/tdtfparis.fr\/index.php?rest_route=\/wp\/v2\/pages\/62\/revisions\/64"}],"wp:attachment":[{"href":"https:\/\/tdtfparis.fr\/index.php?rest_route=%2Fwp%2Fv2%2Fmedia&parent=62"}],"curies":[{"name":"wp","href":"https:\/\/api.w.org\/{rel}","templated":true}]}}